he prime factors of 241198.
2, 83, 1453
What are the prime factors of 206356?
2, 23, 2243
What are the prime factors of 2174047?
2174047
List the prime factors of 961674.
2, 3, 7, 3271
What are the prime factors of 1685724?
2, 3, 140477
What are the prime factors of 2665507?
13, 379, 541
What are the prime factors of 106852?
2, 26713
What are the prime factors of 37198622?
2, 1063, 17497
What are the prime factors of 30662353?
4391, 6983
List the prime factors of 3460466.
2, 1117, 1549
What are the prime factors of 1631370?
2, 3, 5, 13, 47, 89
What are the prime factors of 2639?
7, 13, 29
List the prime factors of 237707.
237707
What are the prime factors of 212390?
2, 5, 67, 317
What are the prime factors of 893681?
893681
List the prime factors of 25317758.
2, 12658879
What are the prime factors of 119651?
7, 17093
What are the prime factors of 7753749?
3, 2584583
List the prime factors of 784469.
7, 112067
What are the prime factors of 167615?
5, 7, 4789
List the prime factors of 807872.
2, 13, 971
What are the prime factors of 1035689?
139, 7451
List the prime factors of 129770.
2, 5, 19, 683
List the prime factors of 2344337.
2344337
What are the prime factors of 282521?
151, 1871
List the prime factors of 495736.
2, 61967
What are the prime factors of 12404336?
2, 7, 110753
What are the prime factors of 2690046?
2, 3, 17, 59, 149
What are the prime factors of 18740899?
18740899
List the prime factors of 178615.
5, 139, 257
List the prime factors of 477274.
2, 7, 73, 467
List the prime factors of 1071054.
2, 3, 157, 379
List the prime factors of 78879.
3, 26293
What are the prime factors of 287122?
2, 11, 31, 421
What are the prime factors of 1237757?
1237757
List the prime factors of 202850.
2, 5, 4057
List the prime factors of 2207372.
2, 551843
List the prime factors of 1938278.
2, 969139
List the prime factors of 35220.
2, 3, 5, 587
List the prime factors of 215330.
2, 5, 61, 353
What are the prime factors of 490032?
2, 3, 41, 83
List the prime factors of 296546.
2, 31, 4783
What are the prime factors of 902170?
2, 5, 90217
What are the prime factors of 24383841?
3, 23, 353389
What are the prime factors of 1227072?
2, 3, 7, 11, 83
List the prime factors of 2965968.
2, 3, 43, 479
What are the prime factors of 16553406?
2, 3, 2758901
What are the prime factors of 3443560?
2, 5, 19, 23, 197
What are the prime factors of 5674466?
2, 7, 409, 991
What are the prime factors of 662237?
607, 1091
What are the prime factors of 16367973?
3, 23, 237217
List the prime factors of 6781643.
11, 616513
List the prime factors of 10411496.
2, 1301437
What are the prime factors of 392088?
2, 3, 17, 31
What are the prime factors of 2747213?
7, 37, 10607
What are the prime factors of 53426?
2, 26713
What are the prime factors of 3501440?
2, 5, 5471
List the prime factors of 288176.
2, 7, 31, 83
List the prime factors of 1345181.
19, 83, 853
List the prime factors of 14449990.
2, 5, 1444999
What are the prime factors of 135393?
3, 45131
List the prime factors of 2044207.
11, 83, 2239
What are the prime factors of 332363?
53, 6271
What are the prime factors of 13641259?
17, 19, 157, 269
List the prime factors of 928149.
3, 17, 18199
What are the prime factors of 7233101?
7233101
List the prime factors of 3719307.
3, 19, 23, 2837
List the prime factors of 1972115.
5, 137, 2879
List the prime factors of 664421.
664421
What are the prime factors of 1778?
2, 7, 127
What are the prime factors of 33539?
11, 3049
List the prime factors of 4130364.
2, 3, 7, 49171
List the prime factors of 5303884.
2, 367, 3613
List the prime factors of 252226.
2, 13, 89, 109
List the prime factors of 558431.
558431
What are the prime factors of 149805?
3, 5, 3329
List the prime factors of 3464360.
2, 5, 257, 337
What are the prime factors of 265888?
2, 7, 1187
What are the prime factors of 1315007?
1315007
What are the prime factors of 166099?
166099
List the prime factors of 812717.
812717
List the prime factors of 591894.
2, 3, 97, 113
What are the prime factors of 5789102?
2, 11, 271, 971
List the prime factors of 374455.
5, 74891
What are the prime factors of 9082708?
2, 2270677
What are the prime factors of 196920?
2, 3, 5, 547
What are the prime factors of 212648?
2, 19, 1399
List the prime factors of 37502.
2, 17, 1103
What are the prime factors of 6241976?
2, 13, 47, 1277
What are the prime factors of 197151?
3, 65717
What are the prime factors of 127071?
3, 7, 2017
What are the prime factors of 2452241?
11, 222931
List the prime factors of 1619506.
2, 7, 115679
What are the prime factors of 21747757?
409, 53173
What are the prime factors of 1947998?
2, 13, 74923
List the prime factors of 7554295.
5, 7, 101, 2137
List the prime factors of 15821.
13, 1217
What are the prime factors of 68560?
2, 5, 857
What are the prime factors of 2299446?
2, 3, 127747
What are the prime factors of 3089853?
3, 13, 8803
List the prime factors of 721777.
7, 97, 1063
List the prime factors of 2336934.
2, 3, 47, 8287
What are the prime factors of 16751512?
2, 97, 21587
What are the prime factors of 65987?
19, 23, 151
What are the prime factors of 30328686?
2, 3, 179, 9413
List the prime factors of 876296.
2, 109537
What are the prime factors of 414554?
2, 7, 29611
List the prime factors of 4705306.
2, 2352653
What are the prime factors of 2439220?
2, 5, 7, 19, 131
What are the prime factors of 1188925?
5, 19, 2503
What are the prime factors of 377409?
3, 125803
What are the prime factors of 604077?
3, 201359
List the prime factors of 65192.
2, 29, 281
List the prime factors of 21821023.
7, 97, 4591
List the prime factors of 551629.
13, 42433
List the prime factors of 73704.
2, 3, 37, 83
List the prime factors of 8674322.
2, 61, 97, 733
List the prime factors of 159410.
2, 5, 19, 839
List the prime factors of 11541.
3, 3847
List the prime factors of 18033912.
2, 3, 13, 19267
List the prime factors of 34615555.
5, 13, 532547
What are the prime factors of 6421141?
6421141
What are the prime factors of 4684166?
2, 109, 21487
What are the prime factors of 2976645?
3, 5, 7, 28349
What are the prime factors of 3176657?
11, 317, 911
List the prime factors of 83319.
3, 27773
List the prime factors of 3072331.
1427, 2153
List the prime factors of 3636177.
3, 421, 2879
List the prime factors of 1129547.
31, 83, 439
List the prime factors of 462204.
2, 3, 37, 347
What are the prime factors of 128006?
2, 29, 2207
List the prime factors of 632699.
632699
What are the prime factors of 1471369?
1213
List the prime factors of 4639143.
3, 53, 163, 179
List the prime factors of 250087.
17, 47, 313
List the prime factors of 6012279.
3, 7, 13, 2447
What are the prime factors of 11019586?
2, 1549, 3557
List the prime factors of 166527.
3, 18503
List the prime factors of 4109743.
11, 373613
List the prime factors of 1327297.
1327297
List the prime factors of 181031.
181031
List the prime factors of 5523419.
11, 17, 29537
What are the prime factors of 204592?
2, 19, 673
What are the prime factors of 494198?
2, 247099
List the prime factors of 389905.
5, 29, 2689
List the prime factors of 1198330.
2, 5, 7, 17, 19, 53
What are the prime factors of 940242?
2, 3, 156707
What are the prime factors of 476966?
2, 7, 31, 157
What are the prime factors of 276860?
2, 5, 109, 127
What are the prime factors of 835710?
2, 3, 5, 89, 313
List the prime factors of 812388.
2, 3, 67699
List the prime factors of 60305.
5, 7, 1723
What are the prime factors of 1427092?
2, 59, 6047
What are the prime factors of 9059837?
173, 52369
What are the prime factors of 3951422?
2, 79, 89, 281
List the prime factors of 654593.
654593
What are the prime factors of 2462051?
31, 43, 1847
What are the prime factors of 468394?
2, 234197
List the prime factors of 826826.
2, 7, 11, 13, 59
List the prime factors of 4853975.
5, 7, 27737
What are the prime factors of 474306?
2, 3, 7, 23, 491
List the prime factors of 6842658.
2, 3, 167, 6829
What are the prime factors of 153255?
3, 5, 17, 601
What are the prime factors of 15598?
2, 11, 709
What are the prime factors of 3676613?
1777, 2069
What are the prime factors of 14506605?
3, 5, 31, 10399
List the prime factors of 80193.
3, 26731
List the prime factors of 256527.
3, 3167
List the prime factors of 160